hat is 15544b8 - -4b?
1554536
In base 7, what is -106534 - 12624?
-122461
In base 13, what is -454753 + -1?
-454754
In base 4, what is -102312 + 1031030?
322112
In base 16, what is 225a + -7f?
21db
In base 12, what is -89 + -72b66?
-73033
In base 10, what is 3 + -29578438?
-29578435
In base 11, what is 3a91 - 9986?
-59a5
In base 7, what is 4656356231 - -4?
4656356235
In base 4, what is 220130020110 - -20?
220130020130
In base 13, what is 8 + -88a837?
-88a82c
In base 15, what is -b3828 - 2b0?
-b3ad8
In base 15, what is -1bbd392 + -a?
-1bbd39c
In base 14, what is 90a913 + -19?
90a8d8
In base 4, what is 11 + -13012021031330?
-13012021031313
In base 3, what is 0 - 221112202200211?
-221112202200211
In base 13, what is -193 - 1102c4?
-110487
In base 5, what is -340111 + -231343?
-1122004
In base 10, what is 1302 - 156699?
-155397
In base 13, what is -1 - 4175a7?
-4175a8
In base 15, what is -6e3ecad - -b?
-6e3eca2
In base 16, what is -5a + 12e89?
12e2f
In base 14, what is 1ac7d9 + 1?
1ac7da
In base 2, what is 100001110 + 10000110010100?
10001010100010
In base 12, what is b53b614 + -8?
b53b608
In base 4, what is -23022321 - 221323?
-23310310
In base 14, what is -727 + 10c05d?
10b736
In base 16, what is 9b0965 + 2?
9b0967
In base 10, what is -22 + -67017?
-67039
In base 14, what is 57bb20 - -1?
57bb21
In base 10, what is -327009 + -172?
-327181
In base 6, what is 13 + 200001322?
200001335
In base 16, what is -8e15eb - 2f?
-8e161a
In base 4, what is -10 - -33211130130?
33211130120
In base 5, what is 322414133 + -13?
322414120
In base 14, what is -89340a - -2?
-893408
In base 13, what is -10c584c + -6b?
-10c58ba
In base 6, what is 3040 - 34202244?
-34155204
In base 6, what is -310122 + 25453?
-240225
In base 15, what is 345ca94 + 2?
345ca96
In base 9, what is 24077 + 3408?
27486
In base 13, what is -9 + 4b6ab5?
4b6aa9
In base 16, what is -d - -1e269?
1e25c
In base 16, what is -9 - -28de8?
28ddf
In base 14, what is 8a6d2b3 + 5?
8a6d2b8
In base 16, what is 5 - -7d29e23?
7d29e28
In base 12, what is 7 - 660611?
-660606
In base 7, what is -30 + -1425065?
-1425125
In base 2, what is 100110 - 101100011101111000100001?
-101100011101110111111011
In base 15, what is -32bc96 - 3?
-32bc99
In base 4, what is 200100323 - -3320?
200110303
In base 6, what is -111035511 - 4?
-111035515
In base 14, what is 1757 + -81?
16b6
In base 13, what is 136 - 2817c?
-28046
In base 16, what is -1 - -2e246e?
2e246d
In base 10, what is -17 - 71950045?
-71950062
In base 8, what is 1 + 4361016?
4361017
In base 3, what is 2002000020020 + 0?
2002000020020
In base 15, what is -1932e + -17a?
-194a9
In base 8, what is -6613047 - -21?
-6613026
In base 16, what is -dcd - 52a3?
-6070
In base 13, what is -9c25c3 + -1?
-9c25c4
In base 10, what is 15367088 - 1?
15367087
In base 4, what is 23303130221 - -3102?
23303133323
In base 6, what is -1315 + -1405425?
-1411144
In base 4, what is 110 + -101023303300?
-101023303130
In base 6, what is 13 + -21532012?
-21531555
In base 6, what is -52220530 - 140?
-52221110
In base 7, what is -1 + -1366034200?
-1366034201
In base 10, what is -25418864 - -46?
-25418818
In base 9, what is -1 + -4674044?
-4674045
In base 14, what is -38bd - -174b?
-2172
In base 15, what is 7 + -772e5?
-772dd
In base 15, what is d09 - 520c5?
-512bb
In base 3, what is -1212102211 - -210200?
-1211122011
In base 2, what is -1100111101111001101 + 1010011111?
-1100111100100101110
In base 5, what is 30 - 2101322033?
-2101322003
In base 2, what is 110100101111101100100 - -10111?
110100101111101111011
In base 2, what is -1001111 - 1001011111011001110?
-1001011111100011101
In base 16, what is 738a - -1194?
851e
In base 5, what is 21232 + -14201110?
-14124323
In base 10, what is -1415 - -446374?
444959
In base 5, what is -1144431402 - 203?
-1144432110
In base 11, what is -1 - 1574857a?
-15748580
In base 8, what is 564 + -733442?
-732656
In base 9, what is 88 + -54321?
-54222
In base 11, what is -a7 + -14319?
-14415
In base 3, what is 10 + -102201211102021?
-102201211102011
In base 7, what is 15220 - 10664?
4223
In base 14, what is -b4 - -50479?
503a5
In base 14, what is -282 + 5562?
52c0
In base 6, what is 1211 + 1420053?
1421304
In base 13, what is 99 - cb56b?
-cb4a2
In base 3, what is 111012202001122 - 10?
111012202001112
In base 8, what is 124 - -5625174?
5625320
In base 5, what is 1323324212 - -3?
1323324220
In base 15, what is -354 + -253?
-5a7
In base 4, what is 200301 + -300101103?
-233300202
In base 4, what is -32112203232 + -10?
-32112203302
In base 3, what is -1 - 1001200212001201?
-1001200212001202
In base 11, what is -2210829 - a?
-2210838
In base 16, what is -300c + ca?
-2f42
In base 11, what is 0 + -869820a8?
-869820a8
In base 12, what is -9 - -25b7b5b?
25b7b52
In base 7, what is 3 + -63313166?
-63313163
In base 16, what is -392 - 15f8?
-198a
In base 5, what is 3 + -114230442332?
-114230442324
In base 10, what is 24253 + 10446?
34699
In base 16, what is -7afad + b9?
-7aef4
In base 13, what is 1b2c49 + -31?
1b2c18
In base 2, what is 100100101101011 - 1000111100110110?
-100010111001011
In base 2, what is -111111101100000 - 101100101?
-1000000011000101
In base 7, what is 0 + 1611505444?
1611505444
In base 8, what is 2263 + 13623?
16106
In base 5, what is 203103104 + 10013?
203113122
In base 11, what is -269669 - 897?
-26a455
In base 10, what is -19 + -8897311?
-8897330
In base 6, what is 131 + 433344213?
433344344
In base 6, what is 15 + -124211045?
-124211030
In base 14, what is d3 + -2822?
-272d
In base 12, what is -499 - -4826?
4349
In base 3, what is 1001220112200 + 222?
1001220120122
In base 5, what is 3020 + -3034302?
-3031232
In base 9, what is 15433 + 1455?
16888
In base 2, what is 1000010110010 + 1010101011011?
10011000001101
In base 2, what is 111 + -1010100001110000001?
-1010100001101111010
In base 4, what is 221003123 - -2132?
221011321
In base 7, what is -6243 - -150111?
140535
In base 8, what is -451 + -205500?
-206151
In base 3, what is 21012120110 - 10102?
21012110001
In base 14, what is -18a361b + -7?
-18a3624
In base 10, what is -79273305 + 1?
-79273304
In base 9, what is 21750 - 3477?
17262
In base 8, what is -455543227 + -5?
-455543234
In base 4, what is 1 + -1122110031?
-1122110030
In base 9, what is 5 + -71657580?
-71657574
In base 13, what is 30a998 - 18?
30a980
In base 5, what is 1310103 - 1202?
1303401
In base 15, what is -5 - 947322e?
-9473234
In base 6, what is -4324221 + -22013?
-4350234
In base 3, what is 100102202 - -1012112?
101122021
In base 12, what is -b5665 - -11?
-b5654
In base 15, what is -149a0 + db?
-148b4
In base 12, what is 4 - -29b62a?
29b632
In base 11, what is -4428076 - -2?
-4428074
In base 6, what is 13153 + -12530?
223
In base 16, what is e94b34 + -18?
e94b1c
In base 14, what is -11138b3 - -15?
-111389c
In base 3, what is -21001021 - -120022?
-20110222
In base 9, what is 620200 - -16?
620216
In base 9, what is -621002 - -2634?
-617257
In base 7, what is -10452660 - -161?
-10452466
In base 15, what is 8 + -bb2545?
-bb253c
In base 6, what is 10321312 + -30214?
10251054
In base 6, what is 352324 - 203252?
145032
In base 4, what is -11230 + -331320?
-1003210
In base 13, what is -14a410 + 6b?
-14a372
In base 2, what is -11001001 - -1010001111011000010?
1010001110111111001
In base 9, what is 70656 + -52?
70604
In base 14, what is 1842 - 7aa1?
-625d
In base 8, what is 0 - -271225367?
271225367
In base 10, what is -2 + -1322675?
-1322677
In base 16, what is 5a1ff - c?
5a1f3
In base 4, what is -103302013 + -1100210?
-111002223
In base 6, what is -12543425 + -3201?
-12551030
In base 12, what is 2544 + -524?
2020
In base 14, what is -256271 + 18?
-256257
In base 14, what is d3a5 - 13b?
d268
In base 3, what is 2002 - 201200201?
-201121122
In base 15, what is -22d31 - -69?
-22cb7
In base 2, what is -100 - -10111010110001101100?
10111010110001101000
In base 7, what is -1351131242 + 21?
-1351131221
In base 11, what is 34 + 6249322?
6249356
In base 9, what is 701 - -5216?
6017
In base 6, what is 40415405 + 3?
40415412
In base 9, what is -3176 - -7033?
3746
In base 8, what is 16755 - -13363?
32340
In base 10, what is 44569 - -364?
44933
In base 9, what is 63048812 + 5?
63048817
In base 14, what is 10 + -d9505c?
-d9504c
In base 11, what is 1a2 + -a28